6) to base 15
-2c3
What is 144121 (base 5) in base 9?
8405
-4331 (base 9) to base 2
-110001110011
What is 302 (base 11) in base 13?
221
Convert 1000100011 (base 2) to base 8.
1043
Convert 101100100111101 (base 2) to base 15.
6b80
-165105 (base 7) to base 4
-20003112
What is -2592 (base 11) in base 3?
-11121202
What is 32112122 (base 4) in base 7?
333236
What is 12211 (base 5) in base 10?
931
Convert -abac (base 15) to base 5.
-2131022
Convert -111201000 (base 3) to base 2.
-10011100000110
47005 (base 9) to base 6
401052
Convert -1276 (base 9) to base 15.
-440
56d8 (base 16) to base 13
a172
Convert 330 (base 8) to base 5.
1331
Convert 2313 (base 13) to base 9.
6663
What is 110112220 (base 3) in base 5?
243100
20442 (base 6) to base 8
5312
4157 (base 8) to base 12
12bb
4858 (base 12) to base 10
8132
Convert -11002112 (base 3) to base 4.
-232220
-400 (base 13) to base 5
-10201
What is 6422 (base 8) in base 7?
12520
Convert -100111110111011 (base 2) to base 11.
-14376
c5b (base 15) to base 7
11060
What is -1100010001011 (base 2) in base 8?
-14213
Convert c6b (base 16) to base 11.
2430
566 (base 9) to base 10
465
What is -4ca7 (base 14) in base 8?
-32243
What is 152513 (base 7) in base 15?
8c38
What is -3309 (base 10) in base 9?
-4476
What is -11011230 (base 4) in base 15?
-6299
What is 1807 (base 10) in base 9?
2427
What is 10031 (base 5) in base 3?
212202
Convert 6743 (base 12) to base 7.
45213
-102100 (base 3) to base 5
-2211
What is 25560 (base 8) in base 6?
123252
-12101020 (base 3) to base 11
-2a45
What is 1ed (base 15) in base 12?
314
11011111000011 (base 2) to base 4
3133003
What is 3b60 (base 13) in base 12?
4b28
What is -3f57 (base 16) in base 9?
-24216
What is 137 (base 15) in base 12?
1b1
What is -6d3 (base 15) in base 6?
-11100
Convert 11421 (base 5) to base 6.
3553
Convert 1e82 (base 15) to base 4.
1213313
3214 (base 5) to base 12
302
4340 (base 5) to base 7
1510
What is -1282 (base 10) in base 12?
-8aa
Convert 45 (base 8) to base 16.
25
752 (base 10) to base 3
1000212
Convert 141122 (base 5) to base 14.
2175
What is -3a20 (base 13) in base 10?
-8307
Convert 7a64 (base 15) to base 9.
38554
Convert 749 (base 10) to base 6.
3245
-4560 (base 14) to base 3
-121111221
What is 11220102 (base 3) in base 4?
313313
-2321 (base 7) to base 4
-31100
What is -42a0 (base 15) in base 3?
-201100020
What is -c9ac (base 16) in base 6?
-1035004
Convert -40142 (base 7) to base 16.
-25d3
21a5 (base 12) to base 2
111010001101
What is 30001 (base 5) in base 2?
11101010100
Convert -2288 (base 11) to base 6.
-21520
Convert -7ba8 (base 13) to base 12.
-a080
Convert -6767 (base 15) to base 14.
-7dbc
What is -11061 (base 8) in base 4?
-1020301
Convert 1101100111100 (base 2) to base 16.
1b3c
Convert -120221 (base 3) to base 13.
-271
42630 (base 8) to base 4
10112120
-15b5 (base 14) to base 6
-25551
-5784 (base 13) to base 7
-50535
-916 (base 10) to base 2
-1110010100
20100210 (base 3) to base 15
1593
Convert -11103 (base 4) to base 6.
-1323
-1160 (base 9) to base 6
-4000
Convert -2108 (base 12) to base 8.
-7030
What is -2010111 (base 4) in base 14?
-312d
What is 111011101 (base 2) in base 4?
13131
-508 (base 9) to base 13
-25a
Convert -394 (base 16) to base 5.
-12131
Convert cb88 (base 14) to base 5.
2111304
What is -2754 (base 8) in base 13?
-8c8
Convert 1041433 (base 6) to base 8.
145775
What is -36277 (base 8) in base 6?
-155555
-17038 (base 11) to base 16
-5dbf
What is -807 (base 10) in base 11?
-674
What is -101100100100111 (base 2) in base 10?
-22823
What is 20210323 (base 4) in base 7?
204265
-13021220 (base 4) to base 10
-29288
Convert 22404 (base 7) to base 10.
5688
What is 233103 (base 4) in base 12?
1903
Convert 85a (base 12) to base 3.
1200021
Convert 4544 (base 8) to base 15.
aa4
Convert -45052 (base 7) to base 15.
-3571
-10011121 (base 3) to base 4
-210013
2538 (base 12) to base 3
12210022
What is 1100101010 (base 2) in base 9?
1100
Convert -1010010110110 (base 2) to base 3.
-21021101
What is -2733 (base 9) in base 11?
-15a9
What is 328 (base 9) in base 15?
12e
-11100111111 (base 2) to base 12
-10a7
-2124 (base 6) to base 9
-587
What is 379a (base 11) in base 3?
20210022
Convert aa0 (base 12) to base 13.
930
-621b (base 13) to base 10
-13544
139 (base 16) to base 6
1241
Convert 1415 (base 12) to base 2.
100100010001
Convert 2605 (base 7) to base 15.
45a
Convert -2310 (base 5) to base 9.
-406
-15440 (base 7) to base 5
-114330
1041 (base 7) to base 2
101110100
What is b5a (base 14) in base 2?
100010111100
What is -197a5 (base 13) in base 9?
-75088
Convert -8cb (base 16) to base 5.
-33001
-10101100111100001 (base 2) to base 5
-10313140
What is -8683 (base 13) in base 8?
-44411
1e6 (base 15) to base 16
1b9
51b8 (base 13) to base 11
8548
What is 3440 (base 7) in base 11?
a3a
Convert -1446 (base 11) to base 14.
-973
Convert -1311 (base 4) to base 12.
-99
What is -33071 (base 8) in base 7?
-55320
Convert -1216 (base 10) to base 9.
-1601
What is -37b (base 16) in base 12?
-623
Convert -22b4 (base 14) to base 3.
-22021122
-1332 (base 6) to base 5
-2334
Convert 106b9 (base 13) to base 14.
ab95
55252 (base 7) to base 16
361f
Convert c45 (base 13) to base 7.
6036
125532 (base 7) to base 9
35323
-2020 (base 8) to base 12
-728
What is -1597 (base 10) in base 6?
-11221
-3054 (base 7) to base 9
-1416
Convert -23314 (base 7) to base 11.
-4555
-2c1 (base 14) to base 4
-20301
-111110011001011 (base 2) to base 10
-31947
What is -3cd (base 14) in base 5?
-11034
Convert 102010001 (base 4) to base 6.
1330305
21041 (base 5) to base 13
835
23949 (base 12) to base 6
1010133
-10 (base 8) to base 14
-8
-1321 (base 13) to base 6
-20351
-111123 (base 4) to base 6
-10203
-2351 (base 7) to base 11
-720
Convert 35a (base 14) to base 4.
22130
Convert 7f3 (base 16) to base 2.
11111110011
What is 13203 (base 4) in base 13?
2b2
Convert 3941 (base 13) to base 16.
1fe5
Convert 5657 (base 8) to base 14.
1139
1168c (base 16) to base 4
101122030
What is 21216 (base 9) in base 12?
8150
What is -175 (base 16) in base 7?
-1042
Convert 3c8 (base 13) to base 5.
10141
Convert 26788 (base 9) to base 8.
43337
Convert -40 (base 14) to base 3.
-2002
What is 3581 (base 14) in base 15?
2b6a
50442 (base 7) to base 9
17700
-3017 (base 9) to base 13
-1006
Convert -d33 (base 16) to base 7.
-12565
Convert 11775 (base 8) to base 12.
2b65
10335 (base 6) to base 13
85a
-303034 (base 5) to base 8
-23051
What is -1041041 (base 5) in base 3?
-221001201
155 (base 10) to base 4
2123
Convert -29b (base 14) to base 5.
-4104
Convert 2d (base 14) to base 12.
35
Convert -3a6 (base 15) to base 7.
-2265
a70 (base 14) to base 5
31213
Convert 2025 (base 9) to base 5.
21411
What is 2105 (base 6) in base 12?
335
Convert 11a1b (base 13) to base 9.
48480
Convert -1704 (base 13) to base 5.
-102014
Convert -10011100101010 (base 2) to base 16.
-272a
What is 2109 (base 11) in base 14?
1036
Convert 914 (base 15) to base 5.
31134
Convert -987 (base 13) to base 5.
-23012
What is b07 (base 15) in base 5?
34412
Convert 10010101111 (base 2) to base 8.
2257
6358 (base 15) to base 6
241132
Convert 13022 (base 5) to base 14.
524
-7b7b (base 12) to base 6
-143435
Convert 655 (base 10) to base 13.
3b5
-4006 (base 10) to base 16
-fa6
What is -11229 (base 12) in base 10?
-22785
What is 581 (base 11) in base 5?
10234
Convert 20011200 (base 3) to base 12.
2730
-2c1 (base 13) to base 5
-3440
-7646 (base 11) to base 5
-310333
What is 11820 (base 9) in base 11?
5a83
What is -710 (base 14) in base 16?
-56a
Convert 4bb4 (base 14) to base 7.
53514
Convert -1062 (base 13) to base 8.
-4345
Convert 14120 (base 8) to base 9.
8475
222110122 (base 3) to base 4
10231133
What is 3210332 (base 4) in base 10?
14654
What is b58d (base 15) in base 9?
57577
What is 40551 (base 7) in base 9?
14503
What is -1443 (base 9) in base 7?
-3120
2200 (base 3) to base 13
57
Convert 1330231 (base 4) to base 14.
2ca1
127650 (base 8) to base 13
17611
-29a4 (base 15) to base 11
-6788
What is -8134 (base 9) in base 12?
-3534
Convert 110011110110101 (base 2) to base 4.
12132311
cd (base 15) to base 9
234
1312 (base 8) to base 9
873
What is -225c (base 13) in base 6?
-34133
Convert -369 (base 13) to base 5.
-4334
What is 212200110 (base 3) in base 11?
11a76
What is -13a2 (base 